et l(w) = 5*g(w) - h(w). What is l(-8)?
-13
Let p(f) = -7*f - 61. Suppose -510*b + 193 - 73 = -525*b. What is p(b)?
-5
Let p(h) = -h**2 + 8*h - 6. Let c be p(7). Let i(w) = 18*w + 13*w - 26*w - 1 + 12*w. Give i(c).
16
Suppose w + 4 = -3. Let i(h) = -3 + 35 - h + h**2 - 33 + 0*h + 4*h. What is i(w)?
27
Let l(n) = -n + 13. Suppose 0 = 12*q - 7*q - 520. Let z = q - 96. Calculate l(z).
5
Let k(w) = -w**3 - 74*w**2 - 213*w + 2. Let o be k(-71). Let v(p) = p**2 + 6*p - 7. Let f(c) = c**2 + 5*c - 6. Let n(g) = -5*f(g) + 4*v(g). Calculate n(o).
-4
Let f(m) = -32437 - 25*m + 32430 - 4*m. Let d(c) = -13*c - 4. Let n(x) = 9*d(x) - 4*f(x). What is n(-7)?
-1
Suppose -11 = 4*j - 51. Let k be (-7 - j/(-2)) + -95. Let m = k - -94. Let s(n) = -n**3 - 6*n**2 - n + 3. Determine s(m).
-21
Let b(i) = -i**3 - 28*i**2 + 30*i + 16. Let s(r) = -r**3 - 8*r**2 + 28*r + 142. Let j be s(-9). Give b(j).
-13
Let k = -207 + 132. Let y = -84 - k. Let q(f) = f**2 + 8*f - 13. What is q(y)?
-4
Suppose -1 = n, t + 2*n + 13 - 16 = 0. Let i(f) be the first derivative of t - f**2 + 1/3*f**3 + 0*f. Give i(2).
0
Let f(x) be the third derivative of 4*x**4/3 + 11*x**3/6 - 6*x**2 - 2*x + 92. Give f(-1).
-21
Let c(k) = -28*k**2 + 904*k - 180. Let f be c(32). Suppose 0 = 5*q - 3*q - 154. Let p = f - q. Let v(r) = 6*r**2. What is v(p)?
6
Let t(c) = 2*c**2 - 20*c - 11. Let q be (-188)/(-12) - 5 - ((-30)/9 + 3). Give t(q).
11
Let d(o) = -10. Let c(h) = h + 1. Suppose 0 = -5*f + 15, 4 - 9 = -2*n - 3*f. Let s(z) = n*c(z) - d(z). Give s(6).
-4
Let u(r) = -12*r - 10*r + 1 - 9*r + 32*r. Let l be (-26)/8 - (75/20 - 4). Give u(l).
-2
Let m(t) = t**3 - 6*t**2 + 7*t + 6. Let v be m(4). Suppose 5*w = -2*n + 30, -2*n = -0*w - 2*w - v. Let c(i) = i**3 - 7*i**2 + 4*i + 1. Calculate c(n).
-29
Suppose 0 = -2*g + 3*x + 9, -58*g + 10 = -54*g + 2*x. Let y(i) be the third derivative of -1/60*i**5 - 1/3*i**g + 0 + 0*i - 30*i**2 - 1/8*i**4. What is y(3)?
-20
Suppose 466*i - 10 = 468*i. Let y(w) be the second derivative of -w**5/20 - w**4/4 + 3*w**3/2 + 2*w**2 + 172*w. What is y(i)?
9
Let a = -7693 - -7697. Let u(m) = -6*m**2 + 25*m - 5. Calculate u(a).
-1
Let i(s) = s - 40. Let k be i(9). Let d = k + 34. Let a(m) = -2*m - d + 0*m + 4 + m. Calculate a(6).
-5
Let c(d) = -5*d**2 - 3 - 1103*d**3 - 10*d - 15 + 551*d**3 + 551*d**3. Calculate c(-4).
6
Let m(c) be the first derivative of 5*c**2/2 + 7*c - 1028. Determine m(-4).
-13
Let n = 20005 + -20002. Let c(f) = -3*f**3 + f**3 + 3*f**2 + f**3. Determine c(n).
0
Let d(v) be the third derivative of v**6/30 - v**4/24 + 4*v**3/3 + 4*v**2 + 24*v - 2. Calculate d(-3).
-97
Let b(j) = -2*j + 8. Let c(g) = -2*g - 61. Suppose 0 = 29*r - 28*r + 34. Let s be c(r). Determine b(s).
-6
Let u(a) = a**3 - a**2 + 10. Let k(j) = -j**2 + 6*j + 31. Let m be k(9). Suppose -3*b = -n + 2, m*b + 4*n + 0 - 8 = 0. Determine u(b).
10
Let g(u) = 7*u + 2. Let c(b) = 3 + 20*b + 0 - b + 2. Let z be 1/(54/(-408) + 2/(-17)). Let j(i) = z*c(i) + 11*g(i). Calculate j(-2).
0
Let d(k) = -k - 6. Let h(n) = -n - 3. Let g(z) = 4*d(z) - 9*h(z). Let m be -6*(-4)/(-6)*((-70)/28 - -3). What is g(m)?
-7
Let s = 10762 + -10769. Let z(g) be the second derivative of g**5/20 + 7*g**4/12 + 2*g**2 - 21*g. Give z(s).
4
Let c = -167 - -210. Let k(w) = c - 24 - w - 33. What is k(-10)?
-4
Let x(u) = -3*u + 82. Let n(a) = -4*a + 132. Let m(p) = -5*n(p) + 8*x(p). What is m(1)?
-8
Let h(j) be the second derivative of j**5/10 + j**4/4 - j**3/3 + j**2/2 - 11*j - 7. Determine h(-2).
1
Let j = 295250 + -295251. Let b(f) be the first derivative of -7*f**4 + 1/3*f**3 + 2 + f**2 + f. What is b(j)?
28
Let z be (-496)/64 + 10 + 81/12. Let t(p) = -p**2 + 1. Let r(a) = a**3 - 12*a**2 + 10*a. Let d(g) = r(g) - 2*t(g). Give d(z).
7
Let a(y) = -4*y - 18 + 4*y**2 + 12 - 38*y + 12 + 7. Give a(10).
-7
Let q(o) = 0*o**2 - 8*o + 9 + o**2 + 6. Let z = 738 - 732. Let g be q(z). Let m(u) = u**3 - 4*u**2 + 2*u + 2. Calculate m(g).
-1
Let a(c) be the third derivative of -c**6/120 + 7*c**5/60 - c**4/4 - c**3/6 + 14*c**2. Let g = -390 - -396. What is a(g)?
-1
Suppose -1504*n + 6 = y - 1503*n, 2*n = -5*y + 21. Let h(q) be the third derivative of 0*q + 1/12*q**4 + 3/2*q**y + 0 + 13*q**2. Calculate h(-8).
-7
Let i(f) be the second derivative of f**3/3 + 11*f**2/2 + 3599*f. Calculate i(7).
25
Let p(j) = -5*j - 4. Let y = -15936 + 15922. What is p(y)?
66
Let b(v) = 32*v**2 + v - 2. Let i be b(2). Suppose -z - 5*p = -156, -400 - 139 = -4*z - 3*p. Let f = z - i. Let n(w) = 2*w - 2. Give n(f).
4
Let h(b) be the second derivative of -b**4/12 - 10*b**3/3 + 18*b**2 - 3007*b. Calculate h(-21).
15
Let y(x) be the third derivative of -1/4*x**4 + 0*x + 4/3*x**3 + 0 + 1/60*x**5 + 93*x**2. What is y(6)?
8
Let z(j) = 2*j**3 + 43*j**2 + 21*j + 14. Let o(r) = -r**3 - 22*r**2 - 10*r - 7. Let q(n) = 11*o(n) + 6*z(n). Calculate q(-15).
-8
Let r(p) = 19*p + 106. Let x(t) = -t**3 - 2*t**2 + 24*t + 50. Let u be x(5). Give r(u).
11
Let w(i) = i**3 + 9*i**2 + 8*i + 3. Suppose 0 = -q - 4*a - 86, -q - a - 86 = a. Let s = -44 - q. Let y be 2 + s/(-4) + (-20)/(-40). What is w(y)?
3
Suppose 3*s = -2*c - 5212 + 5183, -11 = c - 2*s. Let n(b) be the second derivative of -b**5/20 - 7*b**4/6 - 2*b**3 + 5*b**2 + b. Calculate n(c).
-3
Suppose -2*k + 884 = 11*k. Let g = -66 + k. Let w(q) = -q + 1. Give w(g).
-1
Suppose t - 1 = -i, 5*i - 47*t - 7 = -51*t. Let b(k) = 5*k + 14. Determine b(i).
29
Let j(a) = -a**2 + 7*a - 3. Let n = 76 - 82. Let v be -3 - (9/n - (-343)/(-14)). Suppose -5*r + 2*k + v = -9, -3*k + 15 = 3*r. Determine j(r).
3
Let p(m) = -6*m**2 + 7*m + 10. Let y(i) = -5*i**2 + 4*i + 10. Let n(d) = -6*p(d) + 7*y(d). Determine n(7).
-39
Let s(d) = -6*d - 22. Let b be s(-6). Let h be 4/b - (-4164)/28. Let x(i) = 4*i**2 + 2*i - 150 - 6*i**2 + i**2 + h. Give x(4).
-9
Let v(n) be the first derivative of -n**4/4 - n**2/2 - 10*n + 498. What is v(0)?
-10
Let a(d) = 4*d**3 - 28*d**2 - 2*d - 9. Let x be a(7). Let m(c) = -3*c - 34. Calculate m(x).
35
Let q(d) = d**2 + 3*d + 4. Let x be ((-15)/2)/((-6)/4). Suppose -3*p = -5*o - 4 + x, 5*p + 31 = o. Let j = p + 4. Give q(j).
4
Let a = -2 + 1. Let d(i) be the third derivative of 5*i**4/24 - 9062*i**2 + i. What is d(a)?
-5
Let f(t) = -t**2 - 19*t - 65. Let u be -12 + 15/(90/(-12)). Let x be f(u). Let d(k) = -k**3 + 5*k**2 + 2*k - 5. What is d(x)?
5
Let s(k) be the third derivative of k**4/12 - 2*k**3/3 - 798*k**2. What is s(8)?
12
Let m(x) = -54*x + 42. Let d(o) = 71*o - 42. Let g(s) = -3*d(s) - 4*m(s). What is g(11)?
-9
Let l(f) be the first derivative of -f**4/12 + 4*f**3/3 - 3*f**2/2 + 218*f + 265. Let d(s) be the first derivative of l(s). Give d(4).
13
Let w be 10 + (-24 - (14 + -31)). Let c(i) = 2*i**2 - 19. What is c(w)?
-1
Let u(m) be the first derivative of -m**3 + 30*m**2 - 3*m + 1098. What is u(20)?
-3
Let d = -338919 + 338916. Let f(m) = m + 4*m**2 - 4*m - 5*m**2. Give f(d).
0
Let x(d) = -5 + 2 + 2 - 4*d - d**3 - 2*d**2 - 3*d**2. Let v(s) = s**2 + 258*s + 3413. Let w be v(-14). Give x(w).
-7
Let d(y) = -16*y**3 + y. Let s(z) = -16*z**3 + z. Let l(g) = -3*d(g) + 4*s(g). Let j = 2441 + -2442. Determine l(j).
15
Let d = -288 - -284. Let c(m) = -15*m - 25. Let q(k) = 3*k + 5. Let b(x) = -2*c(x) - 11*q(x). Give b(d).
7
Let b(w) = -341*w - 1018. Let g be b(-3). Let t(v) be the second derivative of -v**5/20 + v**4/3 + v**3 + 2*v**2 - v. What is t(g)?
9
Let s(m) = 64*m + 1. Suppose 53*h - 2 = 75*h - 24. Determine s(h).
65
Let x be 1/(2/(-1*6)). Let l(f) = -8*f - 1. Let g(c) be the second derivative of 20*c**3/3 + 2*c**2 - 17*c. Let a(d) = 2*g(d) + 11*l(d). Calculate a(x).
21
Let c(m) = -m**3 - m**2 - 7. Suppose 2*s - 32 = -2*s. Suppose 0 = 2*g - p - 4, 5*p + 25 = 55. Suppose -s = -4*x, 0*h + h + g*x = 10. Give c(h).
-7
Let d(x) = 12*x**2 - 1. Let p(v) = -73*v**2 - 7*v + 22. Let j(b) = -6*d(b) - p(b). Calculate j(-9).
2
Suppose 2*g + 23 = 3*r, 10*g + 11 + 53 = -2*r. Let p(i) = -11*i. Determine p(r).
-33
Let v(q) = 6*q**3 + 215*q**2 - 38*q - 96. Let j be v(-36). Let r(n) = n + 6. Calculate r(j).
-18
Let i = 3 + 134. Let q = 127 - i. Let z(l) = -3*l - 25. Determine z(q).
5
Let u(i) be the second derivative of -i**5/20 - 5*i**4/2 + i**3/6 + 3*i**2 - 17*i + 1. Determine u(-30).
-24
Suppose -3*t - 3 = -3*u, u = 3*t - 0 - 5. Suppose -2*c - 15 = 3